 - (2 - (25 - -1))?
18
-2 - ((-5 - 4) + -10)
17
What is (34 - -3 - 22) + -19?
-4
What is -20 - (-2 + 6 + (-16 - (0 + -8)))?
-16
What is the value of (18 - 6 - 12) + 7 - 19?
-12
Calculate 4 - (-9 + (1 - -35) + -7).
-16
What is the value of 9 + (6 - 7) + 0 + -2?
6
-20 + -1 + 0 + 9 - 7
-19
Evaluate 53 + -7 + -20 - 49.
-23
Calculate 13 - 3 - (90 + -96).
16
What is the value of (2 - (-7 - -6)) + -7 + (-1 - -1)?
-4
What is the value of -1 - (7 - (13 - 4)) - 16 - 0?
-15
(4 + -14 - -5 - 8) + 18
5
-3 - (-10 + (19 - (-7 - -7)))
-12
147 + -146 + (5 - 0 - (-2 - -2))
6
What is the value of -20 + (-8 - -24) - (3 + (0 - 6))?
-1
What is -21 + 23 - 12 - -19?
9
45 - 42 - 18 - (-6 - (-2 + 1))
-10
What is (-4 + 54 - -8) + -18 + -11?
29
2 + -12 + (-27 + 13 - -35)
11
Evaluate 1 + 22 - 12 - 16.
-5
Evaluate (-3 - ((1 + 5 - 4) + 0)) + -8.
-13
What is the value of (-2 + 0 - -6) + -1 - (-434 + 451)?
-14
Evaluate -5 - (-5 - (-6 + 5)) - -18 - 4.
13
Calculate (10 - (15 - 5 - 7)) + 0 + -3.
4
What is the value of -42 + 4 + 24 + (1 - (-1 - -8))?
-20
12 + -6 - -3 - -1
10
Calculate -18 + 30 - (-4 - -1).
15
Calculate -35 + (33 - (-42 - -29)).
11
-3 + ((-2 - 5) + 0 - 5) - -2
-13
What is the value of -17 + 17 + -9 - (1 - 19)?
9
What is the value of 31 + (0 + -12 - 4)?
15
Calculate 6 + (-26 - -14) + (26 - (3 - 0)).
17
Calculate (22 - 10 - -11) + -11 + 2.
14
What is the value of (25 - 28) + (-2 - -14)?
9
Evaluate -9 + 21 + -23 + 10.
-1
Calculate (-2 + -5 - (-17 - -8)) + -9.
-7
2 + -16 + (-20 + 11 - -18)
-5
What is -1 + 1 - 3 - 1 - (-3 - 3)?
2
56 + -31 + -36 - (-2 + -2)
-7
What is 19 - ((-2 - 10) + 7 + 13) - 5?
6
What is 41 + -31 + 8 + -14?
4
Evaluate -26 + -16 + 16 + 15.
-11
Evaluate -15 - 4 - -20 - ((-24 - 0) + 2).
23
What is -9 - (4 - (22 + -3))?
6
-1 + -1 + 4 - (6 - 7)
3
Calculate -19 + 17 - 1 - 14 - -19.
2
-33 + (24 - 30) + 32
-7
Evaluate 3 - (-6 + -1) - (29 + -10).
-9
What is -1 + 2 + (0 - (-5 - (-3 - -2)))?
5
What is the value of -2 + -4 + (-10 - -2 - -7)?
-7
-1 + (5 - 6) + -10 + 7
-5
What is 16 - (-11 + 22 + -1)?
6
What is (-12 - (-3 + -4 - -6 - 8)) + 16?
13
Calculate 16 + -27 + -14 + -2.
-27
Calculate 71 - 56 - (18 + -2).
-1
What is 32 + -17 + -33 - -57?
39
-2 + 1 - (17 + (2 - 1 - -8))
-27
What is the value of (2 - 12 - -4) + (-123 - -101)?
-28
7 + (-40 - -35) - 24
-22
What is (-5 - -6) + (-7 - 13) + 15?
-4
What is 25 - (10 + 29 + -36)?
22
Evaluate -24 + (26 - 5) + 4.
1
What is 4 + (-5 + 16 + -8 - 10) + -15?
-18
What is 3 + (5 + -1 - 5)?
2
1 + 1 + -70 + 42 + 2
-24
Evaluate (-10 - (-19 - -2) - -1) + 0.
8
-11 + 15 - (7 + 5)
-8
What is -1 + (-7 - (-23 + 9)) + 17 + -6?
17
What is the value of -17 + 15 + -5 + -2?
-9
Evaluate (2 - -16) + -2 + -10.
6
What is -15 - (22 + -4 + -11)?
-22
What is -2 + (16 - (1 - (-6 - (-6 + 3))))?
10
What is the value of 11 - (-3 - ((7 - 15) + 7 - -2))?
15
(16 + 0 - 5) + -7 + (1 - 19)
-14
What is -11 + (22 - (6 + 5))?
0
What is (22 - 8) + 0 + 6 + -6?
14
What is the value of -16 + (0 + (6 - 3) - 7)?
-20
Calculate 21 - (6 - -6 - 18 - -18).
9
Calculate 1 + 16 - (0 - (-12 + 4)).
9
What is -11 + 10 + (31 - 13) - (4 - -3)?
10
What is 16 + 22 + -19 + -8 + (-9 - 1)?
1
7 - (-1 - -39 - (-45 - -54))
-22
Calculate 11 + 0 - ((2 - (7 - 10)) + -11).
17
(45 - 39) + (-12 - -1)
-5
28 + -51 + 23 - (-2 + 25)
-23
Evaluate (377 - 360) + -18 + -1.
-2
Calculate -192 + 198 - (20 - 1 - (2 + -1)).
-12
What is the value of (10 + -1 - (72 + -50)) + 15?
2
What is (590 - 577) + 2 + -3 + 20?
32
(-67 - -34) + 11 + 47
25
What is -9 - (-1 - 10) - -11?
13
0 + 5 + -4 - (1 - 3 - -15)
-12
(-5 + 0 - 3) + 2
-6
What is -20 - (48 + (-72 - -34))?
-30
What is 18 + -27 + (-13 - -24)?
2
Evaluate -12 + 9 - (-14 + 4).
7
(-6 - -2 - 2) + (23 - (27 - -1))
-11
What is -10 - ((-11 - -3 - 1) + 15)?
-16
What is 37 + -25 + 1 + -2 + 9?
20
What is the value of (16 - 7 - 5) + 5 - 7?
2
(35 - 110 - -63) + (1 - 2 - 8)
-21
1 - 1 - (-5 - (-3 - (2 + -5)))
5
What is (16 - -9 - (9 + 11)) + -39?
-34
What is 120 - 119 - (7 - (2 - (0 - -4)))?
-8
What is (-2 - (19 - (13 - 7))) + 6?
-9
Evaluate 30 + 3 + -32 + 25.
26
Calculate -9 + 50 + (2 - (-6 - -19)).
30
Evaluate -200 + 178 - (-8 + -2).
-12
What is 3 + -38 - (64 + -91)?
-8
What is 0 + -4 - ((9 - 3) + 3 - 29)?
16
What is 5 + (1 - (16 - 5))?
-5
What is the value of -11 - ((-8 - -14 - 7) + -7)?
-3
What is -54 + 65 + -17 + 14 + (-1 - -1)?
8
What is the value of (-2 - -12) + (-22 - 6)?
-18
What is 10 - (5 + (15 - -5))?
-15
Evaluate 57 + 3 + 29 + -65.
24
What is (40 - 39) + -3 + (4 - 26) - -6?
-18
What is (-13 - (-44 + 18)) + -13 - (-21 + 0)?
21
Evaluate 10 + -19 + 3 - (-5 + 0 - 19).
18
-36 - (-14 - (-42 - -32))
-32
What is the value of (-16 - 0 - (31 + -29)) + 7?
-11
Calculate 0 + 1 + -1 + -436 + 430.
-6
What is 10 + -3 + 6 + 9?
22
Evaluate 2 - (10 - 33 - -46).
-21
What is the value of 50 + -47 + 4 - (0 - -24)?
-17
Calculate 9 + -2 + -7 + -3.
-3
Calculate 3 + 8 + -22 + 24 + -3 + 1.
11
What is (92 + -87 - (4 - 2)) + 15?
18
Calculate 0 + ((-6 - -10) + -5 + 0 - 2).
-3
Evaluate -4 + -10 + 13 + -2 - 9.
-12
Calculate 9 + 1 - (-1062 + 1074).
-2
What is (-6 - -23 - -9) + -49?
-23
(11 - -31) + (22 - 44)
20
(-39 - -44 - -1) + -8
-2
What is the value of 5 + 12 + -22 + (-1 + -14 - 0)?
-20
Evaluate -14 + 13 + -1 - 13 - 8.
-23
Calculate -12 - (2 - (43 + 4 + -9)).
24
Calculate (25 - (-25 - -42)) + 1 + -1.
8
What is (-2 - -6 - 8 - -1) + (-2 - -1)?
-4
Calculate 5 + -9 + (11 - -8) - 7.
8
What is the value of -1 + -12 + (-17 - (-39 + -10))?
19
Calculate 12 + (-3 - -21) + -31.
-1
Calculate (-28 - -3) + (-6 - -12 - 6) + 4.
-21
-1 - -12 - (-9 + -15 + 43)
-8
Evaluate (10 - (9 - (3 - 6))) + 0.
-2
Evaluate -9 + (0 - -14) + 0 + -1.
4
-2 + (-3 - -10 - -8) + -4 + -6
3
-7 + (14 - (-4 - -10)) - (-2 + -7)
10
0 - (-2 - (0 + -6 + 26 + -17))
5
What is (207 - 211) + (-1 - (-1 + 4 - 20))?
12
Calculate -29 - (-8 + (9 - 40)).
10
What is the value of -35 + (40 - (6 - 0))?
-1
Evaluate (20 - (58 + -1 - -16)) + 19.
-34
Calculate 11 + (21 - 12) - 10.
10
Calculate (-7 - ((5 - -2) + -8)) + 8.
2
What is the value of (-19 - -20) + 17 + -29?
-11
Calculate (15 - 7) + -35 - -10.
-17
What is 17 - (-6 + (2 - -9)) - (0 + -7)?
19
What is -15 + (-14 - -31) + (-21 - (1 - 1))?
-19
What is the value of 54 + -19 + -24 - 10?
1
Evaluate (-13 - -7) + -7 - -32.
19
Calculate -5 + -3 - (3 + -18).
7
-19 + (2 - 0 - ((-13 - -8) + 3))
-15
What is -12 + 2 + 21 - (1 + 3)?
7
What is the value of (-2 - (-25 - -3)) + -5?
15
What is the value of -4 - (2 + 8) - -21?
7
Calculate 11 + (-22 - (10 + 10 + -21)).
-10
0 + -31 - (-3 + 16 + -31 + 19)
-32
What is 22 + 118 + -125 + (1 - 1) + 5?
20
Calculate -18 + 8 + 21 + 2 - -16.
29
Evaluate 13 + (-7 - -11 - 10) - -3.
10
What is (-2 + 1 - -6) + (-211 - -177) - -7?
-22
What is (-401 - -403 - (0 - -5)) + 16?
13
Evaluate (-3 - -1 - -10) + 1 + -19.
-10
Evaluate 10 + 14 + 9 + -6 - 14.
13
Calculate -3 + 9 + (-78 - -72 - (5 - 0)).
-5
-8 + (2 - -1) - (5 - 6)
-4
What is -24 + 22 - (-13 - 1)?
12
Calculate (-5 - -28) + -50 + 5.
-22
(-67 - (-35 + 15)) + 13
-34
What is 7 + 1 - (-54 - -59)?
3
Evaluate 7 + -13 - (2 - -6).
-14
-2 + 19 - (10 + (13 - 15) + -13)
22
What is the value of 3 + (-12 - -38 - 34)?
-5
Calculate 20 - 13 - (16 + (0 - (0 - 0))).
-9
Evaluate (-9 - 0) + (-56 - -24 - -25).
-16
5 + 47 + -27 - 47
-22
Calculate 6 + 1 + 470 + -473.
4
What is the value of (21 - (59 + -30)) + -1 + 3?
-6
-416 + 409 - (-11 - -1)
3
Calculate 11 + -12 - ((-2 - 7) + 3) - -5.
10
What is (-13 - (13 - (13 - -33))) + (1 - 1)?
20
-4 - (8 - (-8 - -8) - 7)
-5
What is -9 + (-1 - (1 + -1 - 0))?
-10
(-8 - (1 - 0)) + (919 - 920)
-10
Evaluate 4 + -2 + 8 + (-11 - -1) - -16.
16
Evaluate (1 - -19) + -15 + -1 + 0 + 1.
5
What is the value of -25 + -32 + 73 - 31?
-15
What is 24 - (11 - (9 + -3 + (-5 - -2)))?
16
Evaluate -2 + -13 + 4 + (-10 - (0 + -8)).
-13
Calculate (-14 - (9 - 29)) + -27.
-21
What is the value of -11 + -10 + 8 + 6 + -10 + 4?
-13
Calculate -2 + 5 + -1 + (-12 - -20) + -14.
-4
What is the value of 3 + 5 - (-7 + (2 + -4 - 0))?
17
Calculate (-56 + 41 - -94) + -46.
33
1 + (6 + (4 - 7) - -43) + -8
39
What is (7 - 8) + 6 - (-22 - -9)?
18
What is 93 + -115 + (22 - -2)?
2
What is -1 - 0 - (-56 + 50) - (-2 + 5)?
2
What is the value of -16 + 39 - 0 - (0 - 3 - -10)?
16
What is (2 - 14) + -35 + 54?
7
Evaluate -49 + 63 - (7 - -1) - -6.
12
Evaluate